/35)/(4 - (-95)/(-25)). Suppose -x = -5*t - 3*k, t - 31 = -k + 2005. What is the hundreds digit of t?
0
Suppose 0 = 20*x + x - 198009. Suppose 14*s + 833 = x. What is the tens digit of s?
1
What is the ten thousands digit of ((-25158)/(-15))/(634/23775)?
6
Suppose 0 = u + 1, 3*q - 3230 - 9320 = -5*u. What is the hundreds digit of q?
1
Suppose 426*s - 401*s - 118750 = 0. What is the tens digit of s?
5
Let q be (-224)/(-35) + (-2)/5. Suppose p + 5*w = -p - 11, -3*p = -3*w + q. What is the tens digit of 3/(-2)*116/p?
5
Let h be 4/((-2)/(-4)*2). Let i(n) = 6*n**3 - 5*n - h*n**2 + 4*n**3 - 12*n**3 - 4. What is the tens digit of i(-5)?
7
Suppose 3*t + 44*t = -325*t + 30204540. What is the tens digit of t?
9
Let t be 2742/(-54) - (-3)/((-81)/6). Let d = t - -85. What is the tens digit of d?
3
Suppose -5*n - 15 = 0, -4 = -4*r - 5*n - 11. Let l be (-6)/(-4)*(1 - -59 - r). Suppose 3*t + 50 = m, 5*t - l = -4*m + 28. What is the tens digit of m?
3
Suppose 24*m - 2289 = -7593. Let l = 276 - m. What is the hundreds digit of l?
4
What is the tens digit of 1 - -1 - 1 - (-25064 - -177)?
8
Let t(v) = v**2 - 2*v - 21. Suppose 14*b = 11*b + 48. Suppose 39 = -5*z - b. What is the units digit of t(z)?
2
Let m(w) = -w**3 - 32*w**2 - 58*w + 64. Let p be m(-30). Suppose -3*d + 4*h + 766 = -0*d, 2*h + 1008 = p*d. What is the hundreds digit of d?
2
Suppose 339*s = 3*t + 343*s - 64038, 4*s + 12 = 0. What is the units digit of t?
0
Let y be 1*(-537)/6*-4. Let f(d) = d**3 + 20*d**2 - 11*d - 7. Let c be f(-21). Let q = c + y. What is the units digit of q?
1
What is the hundreds digit of (-303348)/(459/(-27)) + -17?
8
Let w be (-234)/10*80/(-24). Let m = -110 + w. What is the units digit of 381/4 - (-8)/m?
5
Let n(q) = 9*q + 273. Let d be n(25). Suppose -7*w + 2*w + 3*m = -32, 4*w + 2*m = 8. Suppose 0 = 2*y + w*y - d. What is the units digit of y?
3
Let u(p) = -2*p**3 + 39*p**2 - 18. What is the thousands digit of u(-12)?
9
Suppose 85*o - 684456 = -73*o. What is the thousands digit of o?
4
Suppose -114*j = 46912 - 472816. What is the hundreds digit of j?
7
Let t(g) = g**3 - 3*g**2 + 5*g - 2. Let q be (-3)/(4/(-6) - (-34)/24). Let c(o) = 3*o + 15. Let s be c(q). What is the units digit of t(s)?
3
Suppose 0 = 18*n + 22*n - 1244720. What is the ten thousands digit of n?
3
Suppose 2*h - 5*u + u = -8, -4*h = -2*u - 14. Suppose -h*q = -16*q + 3680. What is the hundreds digit of q?
3
Suppose -6 = -i - 2. Let g = 391 - -196. Suppose 0 = -6*s + 4*s - m + 233, -5*s - i*m = -g. What is the tens digit of s?
1
Let u be (-14)/(-8) + 65/52. Suppose 7*t - 2*t - u*m - 2646 = 0, 2*t + 3*m - 1071 = 0. What is the units digit of t?
1
Let v = 2 + 10. Suppose 4*h = v, 4*m + 0*h - 26 = -2*h. Suppose 6*d = d + m*i + 780, d = -i + 156. What is the tens digit of d?
5
Suppose d = -m + 8868, 4*d - 14767 - 29573 = -5*m. What is the hundreds digit of m?
8
Let d = -98 + 60. Let y = d + 44. What is the tens digit of 18 - (y/21 + 6/(-21))?
1
Let y(q) = -127*q + 31. Let j be y(-2). Suppose -n + j = w - 59, w - 2*n = 353. What is the hundreds digit of w?
3
Let j(c) = 4*c + 23. Let q be j(-19). Let x = q - -56. Suppose -22 = -x*k + 41. What is the units digit of k?
1
Suppose 15475 = 2*u + 3*d, -4*d + 23214 = -0*u + 3*u. What is the hundreds digit of u?
7
Let i = 113 - 109. Let p be -2 + -59 - (i/(-1) - -1). Let f = p + 79. What is the tens digit of f?
2
Let n be (-3)/(-5) - ((-6768)/(-45))/4. Let m = 241 - 124. Let o = n + m. What is the units digit of o?
0
Let j(z) = 51*z**2 + 6*z - 3. Let b(i) = -i + 1. Let w(l) = 5*b(l) + j(l). Let o be w(-1). Let p = 152 - o. What is the units digit of p?
0
Suppose 2*m + 2*c = 35430, 69976 = 5*m - 4*c - 18536. What is the ten thousands digit of m?
1
Let m = 42 - 15. Suppose 0 = -4*h - 23 + m. What is the units digit of 8*2 + (h - 5) + 1?
3
Let n = -724 + 755. Suppose 15*m = n*m - 29728. What is the thousands digit of m?
1
Suppose 265*p + 22671 = 5*o + 264*p, -4*o - 5*p + 18160 = 0. What is the tens digit of o?
3
Suppose 0 = -40*q - 645 - 115. Let p(z) = -z**3 - 17*z**2 - 61*z - 4. What is the units digit of p(q)?
7
Suppose 24 = 63*h - 62*h. Let g = h - -131. What is the units digit of g?
5
Suppose 0 = 186*p + 1909847 - 8553023. What is the units digit of p?
6
Let h be -12*3*(-181539)/81. What is the units digit of h/322 - (-6)/14?
1
Let n(k) = 5*k**3 - 11*k**2 + 5*k - 7517. Let y(q) = q**3 - 2*q**2 + q - 1503. Let b(s) = 2*n(s) - 11*y(s). What is the thousands digit of b(0)?
1
Suppose 3*n + 1900 - 11293 = 0. What is the units digit of n?
1
Suppose -4*u + 305*m + 216596 = 301*m, 108316 = 2*u + m. What is the thousands digit of u?
4
Let p(g) = 9358*g + 321. What is the hundreds digit of p(2)?
0
Let b be (3 - 34/10) + (-81)/(-15). Let p(g) = -6*g**2 + 2*g + 4. Let f be p(b). Let w = f + 238. What is the hundreds digit of w?
1
What is the tens digit of 2561/(-23*(-23)/2116)?
4
Let o be (-4)/9 + (-68)/9 - -3. What is the hundreds digit of 568/((2 - o) + -5)?
2
Let g = 19722 + -11938. Suppose -4*o - g = -18*o. What is the tens digit of o?
5
Let w be -3 + (0 - ((-3 - -5) + 21)). What is the tens digit of ((-117)/w)/((-6)/(-176)) - -4?
3
Suppose -5*z + 26 = -4*a - 25, 3*a + 15 = -4*z. What is the units digit of (-2118)/a*(-3)/6*-6?
6
Suppose 2 = -2*g - 5*n, 6*g = g - 2*n - 26. Let k(a) = -6*a**3 - 8*a**2 - 6*a + 14. What is the tens digit of k(g)?
5
Suppose -3*d = -2 - 34. Suppose 2*i = -3*i + 75. Suppose 111 = d*w + i. What is the units digit of w?
8
Let g = 13737 - 5393. What is the hundreds digit of g?
3
Let a(k) = k + 9. Let m be a(0). Let z(j) = 24*j**2 - 78*j + 150. Let s(p) = -5*p**2 + 16*p - 31. Let f(w) = 19*s(w) + 4*z(w). What is the tens digit of f(m)?
2
Suppose -4*t + 188 = 2*u - 134, -2*t = 5*u - 797. Suppose u*i = 158*i + 383. What is the units digit of i?
3
Suppose -2*h + 4*u - 134 = 0, h + 38 = 4*u - 39. Let c = -45 - h. Suppose 0 = -4*b + 4*q + c, b + 0*b - 3*q - 7 = 0. What is the units digit of b?
1
Let z(j) = j**2 - 6*j - 1. Let n be z(7). Suppose -13*t - 12*t = 0. Suppose t = -5*b + n*b - 12. What is the tens digit of b?
1
Let b(q) = q**2 + 9*q. Let s = -12 - -3. Let w be b(s). Suppose w = -v + 6*v - 195. What is the tens digit of v?
3
Let w(i) = 17*i**2 + i + 3. Let r be w(6). Suppose 0 = 2*l - 5*l - p + r, 5*l - p = 1043. What is the tens digit of l?
0
Suppose -2*b - 3*b = 25. Let f be (b/((-20)/8))/(-6)*-12. Suppose -f*u + 75 = k, 3*k - 6 = k. What is the units digit of u?
8
Suppose -35 = -4*v + 29. Suppose -2 = 2*b - 5*z - v, -8 = 4*b - z. What is the hundreds digit of -6 - 160/(-24) - 478/b?
1
Let d(n) = -20*n - 72. Let o be d(-6). Suppose -3565 = o*b - 53*b. What is the units digit of b?
3
What is the units digit of (-11397)/(64/512 + 9/(-8))?
7
Let c(a) = -a. Let g(s) = 3*s. Let b(t) = -6*c(t) - g(t). Let p be b(1). Suppose -404 = -4*y + 4*k, p*k - 179 = -4*y + 197. What is the tens digit of y?
9
Let u(j) = 266*j - 1. Let w be u(3). Let y = -434 + w. What is the tens digit of y?
6
Suppose 9*j + 1450 = 7*j. Let g = -487 - j. What is the units digit of g?
8
Let y be -10 + 6 + (2 - -3). Let o(x) = -3*x**2 + x + 1. Let c be o(-4). What is the tens digit of (7/3 - 4)/(y/c)?
8
Suppose 79*q - 107*q + 1347248 = 0. What is the tens digit of q?
1
Suppose -4*w + 17539 = -5*l - 6344, -2*l + 5961 = w. What is the tens digit of w?
6
Let k = -248 - -149. Let u = 70 + k. Let w = u - -53. What is the units digit of w?
4
Suppose -405*s = -407*s + 22606. What is the ten thousands digit of s?
1
Let v(g) = 2*g**3 + 4*g**2 - 2*g - 7. Let s be v(-4). Let w = 10 + s. What is the units digit of 10/(w/(-17) + -8 + 5)?
5
Suppose -4*k + 1 + 6 = -w, 0 = k + 4*w + 11. Let m be (-4 + k)/((-4)/4). Suppose h + 0*l = l + 17, 0 = 5*h - m*l - 79. What is the tens digit of h?
1
Let p(v) = v + 1. Let f(o) = 9*o**2 + 5*o + 16. Let i(x) = f(x) - 2*p(x). Let w be i(-6). Suppose w = 19*l - 15*l. What is the units digit of l?
0
Let g(u) = 25*u**3 + 17*u**2 - 81*u + 9. What is the units digit of g(5)?
4
Let y be (-28)/(-16) - 2 - 17/(-4). Suppose 456 + 197 = h + 4*z, 5*h - y*z - 3289 = 0. What is the units digit of h?
7
Let x(s) = -2*s**3 + 7*s**2 - 5. Let r be x(3). Suppose 0 = r*j - 3*j - 5. Suppose 826 - 266 = j*c. What is the units digit of c?
2
What is the hundreds digit of (-15)/(360/(